pose -l*i + 198 = -1397. Is i a composite number?
True
Let b(s) = 41*s**2 - 23*s + 7. Is b(-7) prime?
False
Let i(z) be the third derivative of -3*z**6/4 + z**4/12 + z**3/6 - z**2. Let s(d) = 5*d + 34. Let b be s(-7). Is i(b) a prime number?
True
Suppose -3*u + 7 + 3 = -4*a, u = a + 3. Suppose -15 = -5*q, 2*q - 1054 = -2*b - u*q. Is b composite?
False
Suppose -2*v + 3*c = -5, c + 4 = 3*v - 0*c. Is ((649/3)/v)/(9/27) a composite number?
True
Let d = 39 - 40. Is (d/2)/((-41)/198686) prime?
True
Suppose -1 = -7*s - 36. Is 2 + (943 + 4 - (s + 1)) prime?
True
Let y(o) = 5*o - 35. Let g be y(6). Is -5 + (g - -10) + 3049 prime?
True
Suppose 2*b = -0*b + k + 2317, -b - 5*k = -1186. Suppose -1 = -2*m + 4*j + 15, 3*j + 12 = 0. Suppose m = 5*t - b - 304. Is t a composite number?
False
Let a = -23 - -25. Is 731 + (-12)/(-6) + (a - 1) prime?
False
Suppose 8*h - 16270 = -1158. Is h a composite number?
False
Suppose x + 6767 + 3245 = 3*l, 3*l + 2*x - 10009 = 0. Is l prime?
False
Suppose -8 = 3*w - w, k - 4*w = 1776. Suppose 690 = -5*p + k. Is p prime?
False
Let c be (-4 + 33/9)*0. Suppose 2903 - 8082 = -3*t - 4*u, c = 4*u + 20. Is t composite?
False
Suppose p - 147 = 324. Let b(d) = 3*d**3 + 8*d**2 + 4*d - 2. Let x be b(6). Let u = x - p. Is u a composite number?
False
Let w = -82799 + 150010. Is w prime?
True
Suppose 4*d - 2 = 2*j, -j + 6*d - 2*d = -5. Let m = 9 + j. Suppose m*p = p + 163. Is p prime?
True
Suppose -i + 6*t - 11 = t, -4*i + 4*t = 28. Let h(d) be the first derivative of 26*d**3/3 - 3*d**2 + 7*d + 3. Is h(i) a composite number?
True
Suppose 3*m = 3*s - 0*m - 8265, 0 = s - 5*m - 2739. Is s prime?
False
Let f = -18 + 14. Is 1/((-1)/f) - -247 a composite number?
False
Is (((-402)/4)/3)/(6/(-4164)) prime?
False
Let a be (-11)/(-2) - (-3)/(-2). Suppose -2*h - 3 = h, o = a*h + 7. Suppose -2*g = -g - o*i - 68, i = -3*g + 254. Is g prime?
True
Let j be -3*((-5)/(-4) - (-1)/(-4)). Is (74/j)/(5/(1140/(-8))) a prime number?
False
Is 6 - 12/(12/(-19555)) a composite number?
True
Let r(v) = 8*v - 44. Let q be r(6). Is 0/18 + 2/(q/1490) prime?
False
Let y be (-6)/(-24) - (-14)/8. Suppose -5*q - 24 = -n - y*n, 3*q + n + 20 = 0. Is 42 + q - (-1 + 2) a prime number?
False
Let s(l) = l**3 + 35*l**2 + 42*l + 87. Is s(-33) prime?
False
Let y = 230969 + -112842. Is y a prime number?
True
Let g(u) = 4046*u**2 - u + 2. Suppose 32 = -3*z + 29. Is g(z) prime?
True
Suppose 37571 = 8*s - 42485. Is s composite?
False
Let z = -14 + 16. Suppose 2*r + z*r - 14 = 2*n, -3*r + 2*n = -11. Suppose -r*g + 628 = 3*b - 4*b, 4*b = -3*g + 623. Is g a prime number?
False
Let m(a) = a**2 - 11*a - 29. Let w be m(13). Is 4/6*(w + (-12582)/(-12)) a prime number?
False
Let h be (-11876)/(-5) - 24/(-30). Let q = -427 + h. Is q composite?
False
Is 4/4*(-7)/(42/(-26358)) a prime number?
False
Is 6/(36/8157)*2 a composite number?
False
Let f be (-4)/(-14) + 598/14. Let g = 19 - 35. Let j = f - g. Is j prime?
True
Let v(l) be the second derivative of 2*l**3 + 7*l**2/2 - 2*l. Let a be v(-6). Is -3 - -4*a/(-2) prime?
True
Is -4*632/(-128)*388 a composite number?
True
Let i = -10 - -12. Let o(j) = -6*j + 0*j - i*j**2 + j**2 + 2. Is o(-5) prime?
True
Suppose 2694 + 2712 = 6*x. Is x prime?
False
Let t(q) = 11*q + 8. Let n(f) = -2 - 2*f**2 - 5*f**3 + 16*f**3 + 3. Let o be n(1). Is t(o) prime?
False
Is 2/1*(-149485)/(-14) composite?
True
Let q = -15974 - -26795. Is q prime?
False
Let p(g) = 93*g + 10. Is p(17) a composite number?
True
Let n = 2257 + 13138. Is n a prime number?
False
Let w(n) = -n**3 + 2*n**2 + 4*n - 7. Let i be (-6)/((-4 - -1) + 4). Let h be i/5*(-5)/(-1). Is w(h) composite?
False
Let s(r) = -r**2 + r + 1. Let i(l) = -72*l**2 + 3*l + 15. Let x(q) = -i(q) + 5*s(q). Is x(9) composite?
True
Suppose 0 = 4*f - 6*f - 16. Let o be 4*(-3 - 644/f). Suppose -3*r - 9 = 0, -r = 2*m - 3*m + o. Is m prime?
True
Let u(z) = 4*z - 2. Let v be u(-2). Let m(w) = -2*w - 24. Let q be m(v). Is q/(1 - -15)*-388 composite?
False
Suppose -11*y + 1160 = -6*y. Suppose 2*p - 86 = y. Is p composite?
True
Suppose -7325 = -3*j + 2*j. Suppose -3*r - j = -8*r. Is r a composite number?
True
Let y be 1114*(5/2)/5. Let x = y + -271. Let k = 633 - x. Is k prime?
True
Let n(h) be the second derivative of h**4/6 + 7*h**3/6 - 5*h**2 - 3*h. Let d = -29 + 42. Is n(d) a prime number?
True
Let j = -6349 + 11426. Is j composite?
False
Let q(h) = h**3 - 11*h**2 - 36*h + 65. Is q(21) a prime number?
True
Suppose -2*i - 19 = i + w, 4*i = 2*w - 22. Let t(u) = 3*u**2 - 10 + 3 + 2*u + 2*u - u**3. Is t(i) composite?
False
Suppose -5*w - 2*b + 24340 = 2*b, -3*b - 4887 = -w. Suppose 0 = -4*m + w - 216. Suppose 5*z = -25, -2*t + m = 2*z - 0*z. Is t composite?
False
Let p(q) = q + 15. Let h be p(-6). Suppose 4684 = 13*t - h*t. Is t a composite number?
False
Suppose -b = 5*f - 8886, 2*b + 1179 = f - 607. Suppose f = 2*j + 4*a, -2*j + a + 1748 = -a. Is j a composite number?
True
Let b(p) = -p**2 - 10*p - 6. Let k be b(-9). Suppose r = -5*z + 10125, 5*z + 0*r - 10115 = -k*r. Is z/8 + (-7)/28 composite?
True
Suppose 0 = -2*l + 216 - 58. Is l composite?
False
Suppose -6*z = -4*z - 8606. Let g = z + -1782. Is g a composite number?
False
Let d = -3188 - -11979. Is d composite?
True
Suppose -105*c - 16809 = -o - 107*c, 16815 = o - 4*c. Is o composite?
False
Let f(c) = 791*c - 115. Is f(10) composite?
True
Suppose 124013 = 9*m + 25076. Is m a prime number?
True
Suppose 5*q - 15 = 0, 0 = -0*z + 2*z - 2*q + 3920. Let o = z - -2949. Suppose t = v - 417, o - 152 = 2*v + t. Is v prime?
True
Suppose -2*k + 12 - 14 = 0. Let c(f) = -267*f**3 + 3*f**2 - 1. Is c(k) a composite number?
False
Let m be -7 - -232 - (1 + -4). Let t = 91 + m. Is t composite?
True
Let q(i) = -i**2 + 7*i - 7. Let y be q(5). Suppose -4*a = 2*n + y*n - 12, 3*a + 2*n = 16. Is 1/(-2) + 732/a prime?
False
Let d(q) = 41*q**2 - 7*q + 1. Suppose m + 12 = -s + 31, 4*m - 103 = 5*s. Let y = 30 - m. Is d(y) prime?
False
Suppose 0*o - 4*o + 32 = 0. Let j(x) = 16*x - 1. Let d be j(o). Suppose -d = -5*g + 4*g. Is g prime?
True
Let w be 3*3*5/15. Suppose 0 = 5*y - 4*u - 8136 + 2325, -w*u + 3 = 0. Is y a prime number?
True
Let g = -16 - -14. Is (-2)/(g*(-4)/(-484)) composite?
True
Suppose h - 1 = r, 0*h + 2*h + 2 = 3*r. Let x be 4/2 + 0 - h. Let t(m) = 15*m**2 + m - 1. Is t(x) a composite number?
False
Let t(r) = -r**3 + 4*r**2 + 8*r - 6. Let h be t(5). Let w be h + 9/3 + -5. Let y(x) = 19*x - 6. Is y(w) a prime number?
True
Suppose 5*s - 7*s + w + 7007 = 0, -3*s + 2*w + 10509 = 0. Is s prime?
False
Is 6/(-10) + -8 + 807912/20 composite?
False
Let f = 19 + -19. Suppose -3*a - 5*t = -t + 207, 2*a + 2*t + 138 = f. Let n = a - -120. Is n prime?
False
Suppose 0 = -4*c - 434 + 1530. Is c a composite number?
True
Suppose 9*s + 67970 = 19*s. Is s composite?
True
Let p(y) = 51*y + 25. Is p(10) a composite number?
True
Suppose 267 = 5*x - 368. Is x a prime number?
True
Let g(y) = y - 3*y**2 - 5 + 0*y - 3*y**2 + 7*y**2. Let i be (-2)/2 + (-25)/((-150)/(-36)). Is g(i) a composite number?
False
Suppose -12420 = -6*h - 0*h. Let n = -1137 + h. Is n a prime number?
False
Suppose -4 = 4*a - 3*a - 4*c, 4*a + 16 = 3*c. Let k(z) = -3*z**3 + 3*z + 5. Is k(a) a composite number?
True
Let d = -2250 - -1153. Let k = d + 2044. Is k a prime number?
True
Let l be 40/1*2/4 - 0. Suppose 0 = 22*j - l*j - 1604. Is j prime?
False
Let r(h) = -h**3 - 2*h**2 + 8*h + 10. Suppose 41 = i - 5*a + 8, 65 = 5*i - 5*a. Let t be i/(-6)*(-36)/(-8). Is r(t) a prime number?
False
Let v(q) = 68*q - 6. Let x be v(10). Suppose -t = -4*b + 182, -2*b = 4*t - 0*b + x. Let m = t + 289. Is m a composite number?
True
Suppose 8*g - 13*g + 21 = 3*h, -5*g + 9 = -3*h. Suppose -3*o + 1366 = h*c, -4417 = -4*c + o - 1685. Is c prime?
True
Let q(r) = r + 3. Let p(n) = -n + 14. Let v be p(14). Let f be q(v). Is (21/14)/(f/14) composite?
False
Suppose 0*g + 5*g - 4*y - 291 = 0, -5*y = -3*g + 185. Suppose -z = 16 - 16. Suppose v - 264 + g = z. Is v composite?
True
Let a(y) = -y**3 - 3*y**2 + 8*y - 2. Let d be a(-5). Let c(s) = 65*s - 3. Is c(d) composite?
True
Let h(r) = 17*r - 3 + 5 + r**2 - 11 - 12. Is h(17) a prime number?
True
Suppose -482 - 250 = -6*y. Suppose j = n + 164, 2*j + 3*n - 191 = y. Is j a composite number?
True
Is (-19940)/(-9 + 4) - 1/(-1) p